{"id":481,"date":"2025-03-03T22:02:12","date_gmt":"2025-03-03T20:02:12","guid":{"rendered":"http:\/\/armin-kronau.de\/?page_id=481"},"modified":"2026-04-18T08:43:40","modified_gmt":"2026-04-18T06:43:40","slug":"wir-sind","status":"publish","type":"page","link":"https:\/\/armin-kronau.de\/?page_id=481","title":{"rendered":"Wir sind"},"content":{"rendered":"\n<p class=\"wp-block-paragraph\">Wir sind ein gemischter Chor mit S\u00e4ngerinnen und S\u00e4nger im Alter zwischen 30 und 85 Jahren.<br><br>Wir sind ein bunter Haufen unterschiedlichen Alters, Interessen, Herkunft,\u2026 &#8211; und haben gemeinsam Spa\u00df!<br><br>Wir freuen uns \u00fcber jeden neue S\u00e4ngerin und neuen S\u00e4nger; also wenn es dir Spa\u00df macht zu singen, dann komm zu unseren Proben. <\/p>\n\n\n\n<p class=\"wp-block-paragraph\"><br><strong>Wir treffen uns zum Singen und Erproben neuer Lieder<\/strong><br>    <strong>wann:  jeden Mittwoch 20:00 bis 21:30 Uhr<br>    wo:       im kleinen Saal der Mehrzweckhalle Kronau <\/strong>  <\/p>\n\n\n\n<p class=\"wp-block-paragraph\">Beim Mitsingen im Projektchor oder zum Reinschnuppern musst du kein Mitglied sein. <\/p>\n\n\n\n<p class=\"wp-block-paragraph\">Wir freuen uns nat\u00fcrlich \u00fcber jedes Mitglied und das kannst du mit einem Jahresbeitrag von 25 EUR werden. Damit finanzieren wir die Noten und die Dirigentin. <\/p>\n\n\n\n<p class=\"wp-block-paragraph\">Wir freuen uns auch \u00fcber passive Mitglieder, die uns zwar nicht mit ihrer Stimme aber mit einem kleinen Jahresbeitrag von 15 EUR unterst\u00fctzen m\u00f6chten. <\/p>\n\n\n\n<p class=\"wp-block-paragraph\">Hast du noch Fragen? Dann nimm mit unserer Vorsitzenden Wiebke Winkler oder einem unserer S\u00e4ngerinnen und S\u00e4nger Kontakt auf. <\/p>\n\n\n\n<p class=\"wp-block-paragraph\"><\/p>\n\n\n\n<p class=\"wp-block-paragraph\"><\/p>\n\n\n\n<p class=\"wp-block-paragraph\"><\/p>\n\n\n\n<p class=\"wp-block-paragraph\"><\/p>\n","protected":false},"excerpt":{"rendered":"<p>Wir sind ein gemischter Chor mit S\u00e4ngerinnen und S\u00e4nger im Alter zwischen 30 und 85 Jahren. Wir sind ein bunter Haufen unterschiedlichen Alters, Interessen, Herkunft,\u2026 &#8211; und haben gemeinsam Spa\u00df! Wir freuen uns \u00fcber jeden neue S\u00e4ngerin und neuen S\u00e4nger; &hellip; <a href=\"https:\/\/armin-kronau.de\/?page_id=481\">Weiterlesen <span class=\"meta-nav\">&rarr;<\/span><\/a><\/p>\n","protected":false},"author":4,"featured_media":0,"parent":0,"menu_order":0,"comment_status":"closed","ping_status":"closed","template":"","meta":{"footnotes":""},"class_list":["post-481","page","type-page","status-publish","hentry"],"_links":{"self":[{"href":"https:\/\/armin-kronau.de\/index.php?rest_route=\/wp\/v2\/pages\/481","targetHints":{"allow":["GET"]}}],"collection":[{"href":"https:\/\/armin-kronau.de\/index.php?rest_route=\/wp\/v2\/pages"}],"about":[{"href":"https:\/\/armin-kronau.de\/index.php?rest_route=\/wp\/v2\/types\/page"}],"author":[{"embeddable":true,"href":"https:\/\/armin-kronau.de\/index.php?rest_route=\/wp\/v2\/users\/4"}],"replies":[{"embeddable":true,"href":"https:\/\/armin-kronau.de\/index.php?rest_route=%2Fwp%2Fv2%2Fcomments&post=481"}],"version-history":[{"count":5,"href":"https:\/\/armin-kronau.de\/index.php?rest_route=\/wp\/v2\/pages\/481\/revisions"}],"predecessor-version":[{"id":597,"href":"https:\/\/armin-kronau.de\/index.php?rest_route=\/wp\/v2\/pages\/481\/revisions\/597"}],"wp:attachment":[{"href":"https:\/\/armin-kronau.de\/index.php?rest_route=%2Fwp%2Fv2%2Fmedia&parent=481"}],"curies":[{"name":"wp","href":"https:\/\/api.w.org\/{rel}","templated":true}]}}

<p class="wp-block-paragraph">Wir sind ein gemischter Chor mit Sängerinnen und Sänger im Alter zwischen 30 und 85 Jahren.<br><br>Wir sind ein bunter Haufen unterschiedlichen Alters, Interessen, Herkunft,… &#8211; und haben gemeinsam Spaß!<br><br>Wir freuen uns über jeden neue Sängerin und neuen Sänger; also wenn es dir Spaß macht zu singen, dann komm zu unseren Proben. </p>



<p class="wp-block-paragraph"><br><strong>Wir treffen uns zum Singen und Erproben neuer Lieder</strong><br>    <strong>wann:  jeden Mittwoch 20:00 bis 21:30 Uhr<br>    wo:       im kleinen Saal der Mehrzweckhalle Kronau </strong>  </p>



<p class="wp-block-paragraph">Beim Mitsingen im Projektchor oder zum Reinschnuppern musst du kein Mitglied sein. </p>



<p class="wp-block-paragraph">Wir freuen uns natürlich über jedes Mitglied und das kannst du mit einem Jahresbeitrag von 25 EUR werden. Damit finanzieren wir die Noten und die Dirigentin. </p>



<p class="wp-block-paragraph">Wir freuen uns auch über passive Mitglieder, die uns zwar nicht mit ihrer Stimme aber mit einem kleinen Jahresbeitrag von 15 EUR unterstützen möchten. </p>



<p class="wp-block-paragraph">Hast du noch Fragen? Dann nimm mit unserer Vorsitzenden Wiebke Winkler oder einem unserer Sängerinnen und Sänger Kontakt auf. </p>



<p class="wp-block-paragraph"></p>



<p class="wp-block-paragraph"></p>



<p class="wp-block-paragraph"></p>



<p class="wp-block-paragraph"></p>

<p>Wir sind ein gemischter Chor mit Sängerinnen und Sänger im Alter zwischen 30 und 85 Jahren. Wir sind ein bunter Haufen unterschiedlichen Alters, Interessen, Herkunft,… &#8211; und haben gemeinsam Spaß! Wir freuen uns über jeden neue Sängerin und neuen Sänger; &hellip; <a href="https://armin-kronau.de/?page_id=481">Weiterlesen <span class="meta-nav">&rarr;</span></a></p>
